{"id":233,"date":"2023-07-27T17:38:53","date_gmt":"2023-07-27T15:38:53","guid":{"rendered":"https:\/\/w2.berzsenyicell.hu\/cbg\/?page_id=233"},"modified":"2025-09-15T14:01:52","modified_gmt":"2025-09-15T12:01:52","slug":"osztalyaink","status":"publish","type":"page","link":"https:\/\/berzsenyicell.hu\/index.php\/iskolapolgarok\/osztalyaink\/","title":{"rendered":"Oszt\u00e1lyaink"},"content":{"rendered":"\r\n<div class=\"wp-block-uagb-container uagb-block-8981c844 alignfull uagb-is-root-container\">\r\n<div class=\"uagb-container-inner-blocks-wrap\">\r\n<div class=\"wp-block-uagb-advanced-heading uagb-block-eaed3e31\">\r\n<h2 class=\"uagb-heading-text\">Oszt\u00e1lyaink<\/h2>\r\n<p><a href=\"https:\/\/berzsenyicell.hu\/wp-content\/uploads\/2025\/09\/9a.jpg\"><img loading=\"lazy\" decoding=\"async\" class=\"size-large wp-image-2416 aligncenter\" src=\"https:\/\/berzsenyicell.hu\/wp-content\/uploads\/2025\/09\/9a-1024x576.jpg\" alt=\"\" width=\"1024\" height=\"576\" srcset=\"https:\/\/berzsenyicell.hu\/wp-content\/uploads\/2025\/09\/9a-1024x576.jpg 1024w, https:\/\/berzsenyicell.hu\/wp-content\/uploads\/2025\/09\/9a-300x169.jpg 300w, https:\/\/berzsenyicell.hu\/wp-content\/uploads\/2025\/09\/9a-768x432.jpg 768w, https:\/\/berzsenyicell.hu\/wp-content\/uploads\/2025\/09\/9a-1536x864.jpg 1536w, https:\/\/berzsenyicell.hu\/wp-content\/uploads\/2025\/09\/9a.jpg 2048w\" sizes=\"auto, (max-width: 1024px) 100vw, 1024px\" \/><\/a><\/p>\r\n<h3 class=\"uagb-ifb-title\">9. A oszt\u00e1ly<br \/>Oszt\u00e1lyf\u0151n\u00f6k: Obr\u00e1z Istv\u00e1n <strong>Kriszti\u00e1n<\/strong><\/h3>\r\n<p>Bal\u00e1s Ot\u00edlia,\u00a0Bar\u00e1th Vir\u00e1g Anna,\u00a0Csonka No\u00e9mi, \u00a0Horv\u00e1th Kira,\u00a0Horv\u00e1th Luca Anna,\u00a0Jecz\u00f3 Fanni,\u00a0Jov\u00e1n Luca,\u00a0K\u00e1ldi Levente Bulcs\u00fa,\u00a0Kasza Krist\u00f3f,\u00a0K\u00e9kesi Roland Rafael,\u00a0Kov\u00e1cs Bal\u00e1zs,\u00a0Kuthi Bogl\u00e1rka Blanka,\u00a0L\u0151rincz Petra,\u00a0M\u00f3rocz Bence Endre,\u00a0Orth Regina,\u00a0Szab\u00f3 Roland,\u00a0Szaharov Vladim\u00edr,\u00a0Szalai Mil\u00e1n,\u00a0Taksonyi Bianka<\/p>\r\n<p>&nbsp;<\/p>\r\n<p><a href=\"https:\/\/berzsenyicell.hu\/wp-content\/uploads\/2025\/09\/9b.jpg\"><img loading=\"lazy\" decoding=\"async\" class=\"alignnone size-large wp-image-2417\" src=\"https:\/\/berzsenyicell.hu\/wp-content\/uploads\/2025\/09\/9b-1024x576.jpg\" alt=\"\" width=\"1024\" height=\"576\" srcset=\"https:\/\/berzsenyicell.hu\/wp-content\/uploads\/2025\/09\/9b-1024x576.jpg 1024w, https:\/\/berzsenyicell.hu\/wp-content\/uploads\/2025\/09\/9b-300x169.jpg 300w, https:\/\/berzsenyicell.hu\/wp-content\/uploads\/2025\/09\/9b-768x432.jpg 768w, https:\/\/berzsenyicell.hu\/wp-content\/uploads\/2025\/09\/9b-1536x864.jpg 1536w, https:\/\/berzsenyicell.hu\/wp-content\/uploads\/2025\/09\/9b.jpg 2048w\" sizes=\"auto, (max-width: 1024px) 100vw, 1024px\" \/><\/a><\/p>\r\n<h3 class=\"uagb-ifb-title\">9. B oszt\u00e1ly<br \/>Oszt\u00e1lyf\u0151n\u00f6k: Dr. Guly\u00e1sn\u00e9 Tinger T\u00fcnde<\/h3>\r\n<p>Antal Krist\u00f3f Zsigmond,\u00a0Bicz\u00f3 Gr\u00e9ta,\u00a0Cs\u00f3k\u00e1s Laura,\u00a0Farag\u00f3 B\u00e1lint,\u00a0Finta Lilla Eliza,\u00a0G\u00e9czy Fruzsina,\u00a0G\u00e9czy Rebeka,\u00a0Gy\u00f6rk\u00f6s Liza,\u00a0Hal\u00e1sz Fanni,\u00a0Hetesi Zs\u00f3fia,\u00a0Horv\u00e1th Aliz,\u00a0Kiss Luca,\u00a0Kolosz\u00e1r Levente,\u00a0Koml\u00e1ti Arnold Andr\u00e1s,\u00a0Kozma Gerg\u0151,\u00a0Kuthi Krist\u00f3f,\u00a0L\u00e1szl\u00f3 D\u00e1niel, Nagy Zs\u00f3ka Bogl\u00e1rka,\u00a0Ors\u00f3s Patr\u00edcia Mirabella,\u00a0\u0150ri Fl\u00f3ra<\/p>\r\n<p>&nbsp;<\/p>\r\n<\/div>\r\n\r\n\r\n\r\n<div class=\"wp-block-uagb-info-box uagb-block-3191f676 uagb-infobox__content-wrap  uagb-infobox-icon-above-title uagb-infobox-image-valign-top\">\r\n<div class=\"uagb-ifb-content\">\r\n<div class=\"uagb-ifb-image-content\"><a href=\"https:\/\/berzsenyicell.hu\/wp-content\/uploads\/2025\/09\/10a.jpg\"><img loading=\"lazy\" decoding=\"async\" class=\"alignnone size-large wp-image-2418\" src=\"https:\/\/berzsenyicell.hu\/wp-content\/uploads\/2025\/09\/10a-1024x576.jpg\" alt=\"\" width=\"1024\" height=\"576\" srcset=\"https:\/\/berzsenyicell.hu\/wp-content\/uploads\/2025\/09\/10a-1024x576.jpg 1024w, https:\/\/berzsenyicell.hu\/wp-content\/uploads\/2025\/09\/10a-300x169.jpg 300w, https:\/\/berzsenyicell.hu\/wp-content\/uploads\/2025\/09\/10a-768x432.jpg 768w, https:\/\/berzsenyicell.hu\/wp-content\/uploads\/2025\/09\/10a-1536x864.jpg 1536w, https:\/\/berzsenyicell.hu\/wp-content\/uploads\/2025\/09\/10a.jpg 2048w\" sizes=\"auto, (max-width: 1024px) 100vw, 1024px\" \/><\/a><\/div>\r\n<div class=\"uagb-ifb-title-wrap\">\r\n<h3 class=\"uagb-ifb-title\">10. A oszt\u00e1ly<br \/>Oszt\u00e1lyf\u0151n\u00f6k: Rozm\u00e1nn\u00e9 Csiszl\u00e9r Di\u00e1na<\/h3>\r\n<\/div>\r\n<p class=\"uagb-ifb-desc\">\u00c1rvai M\u00e1t\u00e9 M\u00e1rk, Bajner Dorka, Balaton Laura,\u00a0 B\u00e1lint M\u00edra, B\u00edr\u00f3 Hanna, Bogd\u00e1n Nat\u00e1lia Dzsenifer, Bok\u00e1nyi S\u00e1ra, Budai \u00c1d\u00e1m, Budai D\u00e1vid, Gyalogh Dalma, H\u00e9rincs Dorka, Horv\u00e1th Eszter, Kosztol\u00e1nczi Lara, Kov\u00e1cs Bettina, Magyar Ill\u00e9s, M\u00e9sz\u00e1ros Mil\u00e1n, Nagy Lili, Nagy M\u00e1t\u00e9 Zsombor, N\u00e9meth Anna R\u00e9ka, N\u00e9meth Beli\u00e1n, N\u00e9meth P\u00e9ter Csaba, \u0150ri Gr\u00e9ta, Pusk\u00e1s D\u00e1niel, Rozm\u00e1n \u00c1kos, R\u00f3zsav\u00f6lgyi Benedek, Szabados \u00c1rmin, Szab\u00f3 R\u00e9ka, Sz\u00fccs Fanni Lili,\u00a0 Tam\u00e1s Dominik, T\u00f3th Johanna Csenge, Veraszt\u00f3 Roland<\/p>\r\n<\/div>\r\n<\/div>\r\n<div class=\"wp-block-uagb-info-box uagb-block-a27049c2 uagb-infobox__content-wrap  uagb-infobox-icon-above-title uagb-infobox-image-valign-top\">\r\n<div class=\"uagb-ifb-content\">\r\n<div class=\"uagb-ifb-title-wrap\">\u00a0<\/div>\r\n<p class=\"uagb-ifb-desc\"><a href=\"https:\/\/berzsenyicell.hu\/wp-content\/uploads\/2025\/09\/11a.jpg\"><img loading=\"lazy\" decoding=\"async\" class=\"alignnone size-large wp-image-2419\" src=\"https:\/\/berzsenyicell.hu\/wp-content\/uploads\/2025\/09\/11a-1024x576.jpg\" alt=\"\" width=\"1024\" height=\"576\" srcset=\"https:\/\/berzsenyicell.hu\/wp-content\/uploads\/2025\/09\/11a-1024x576.jpg 1024w, https:\/\/berzsenyicell.hu\/wp-content\/uploads\/2025\/09\/11a-300x169.jpg 300w, https:\/\/berzsenyicell.hu\/wp-content\/uploads\/2025\/09\/11a-768x432.jpg 768w, https:\/\/berzsenyicell.hu\/wp-content\/uploads\/2025\/09\/11a-1536x864.jpg 1536w, https:\/\/berzsenyicell.hu\/wp-content\/uploads\/2025\/09\/11a.jpg 2048w\" sizes=\"auto, (max-width: 1024px) 100vw, 1024px\" \/><\/a><\/p>\r\n<\/div>\r\n<\/div>\r\n<\/div>\r\n<\/div>\r\n\r\n\r\n\r\n<div class=\"wp-block-uagb-info-box uagb-block-c7824c5d uagb-infobox__content-wrap  uagb-infobox-icon-above-title uagb-infobox-image-valign-top\">\r\n<div class=\"uagb-ifb-content\">\r\n<div class=\"uagb-ifb-image-content\">\u00a0<\/div>\r\n<div class=\"uagb-ifb-title-wrap\">\r\n<h3 class=\"uagb-ifb-title\">11. A oszt\u00e1ly<\/h3>\r\n<div class=\"uagb-ifb-title-wrap\">\r\n<h3 class=\"uagb-ifb-title\">Oszt\u00e1lyf\u0151n\u00f6k: F\u00f3di Georgina Vivien<\/h3>\r\n<\/div>\r\n<p class=\"uagb-ifb-desc\">D\u00e9nes Vivien, Fenyvesi J\u00e1zmin T\u00edmea, Guly\u00e1s Janka Veronika, Horv\u00e1th R\u00e9ka, K\u00f6rtv\u00e9lyesi M\u00e1t\u00e9, Kulman Krist\u00f3f, Kutasi Zolt\u00e1n, Kuthi Katinka M\u00e1rta, Moln\u00e1r D\u00e1niel Noel, Nagy Blanka Csenge,\u00a0 Patakos Filom\u00e9n, Rudi Florentin Ferenc, Sarang Gy\u0151z\u0151, Szabados Hanna, Szalai \u00c1ron, Szalay Borb\u00e1la, Szenteleki Vir\u00e1g, Sz\u00fccs Lili, Tak\u00e1cs Eszter, Vajda Fl\u00f3ra, Zajcsek Hanga<\/p>\r\n<\/div>\r\n<p class=\"uagb-ifb-desc\">\u00a0<\/p>\r\n<\/div>\r\n<\/div>\r\n\r\n\r\n\r\n<div class=\"wp-block-uagb-info-box uagb-block-bf97447a uagb-infobox__content-wrap  uagb-infobox-icon-above-title uagb-infobox-image-valign-top\">\r\n<div class=\"uagb-ifb-content\">\r\n<div class=\"uagb-ifb-image-content\"><a href=\"https:\/\/berzsenyicell.hu\/wp-content\/uploads\/2025\/09\/11b.jpg\"><img loading=\"lazy\" decoding=\"async\" class=\"alignnone size-large wp-image-2420\" src=\"https:\/\/berzsenyicell.hu\/wp-content\/uploads\/2025\/09\/11b-1024x576.jpg\" alt=\"\" width=\"1024\" height=\"576\" srcset=\"https:\/\/berzsenyicell.hu\/wp-content\/uploads\/2025\/09\/11b-1024x576.jpg 1024w, https:\/\/berzsenyicell.hu\/wp-content\/uploads\/2025\/09\/11b-300x169.jpg 300w, https:\/\/berzsenyicell.hu\/wp-content\/uploads\/2025\/09\/11b-768x432.jpg 768w, https:\/\/berzsenyicell.hu\/wp-content\/uploads\/2025\/09\/11b-1536x864.jpg 1536w, https:\/\/berzsenyicell.hu\/wp-content\/uploads\/2025\/09\/11b.jpg 2048w\" sizes=\"auto, (max-width: 1024px) 100vw, 1024px\" \/><\/a><\/div>\r\n<div class=\"uagb-ifb-title-wrap\">\r\n<h3 class=\"uagb-ifb-title\">11. B oszt\u00e1ly<\/h3>\r\n<div class=\"uagb-ifb-title-wrap\">\r\n<h3 class=\"uagb-ifb-title\">Oszt\u00e1lyf\u0151n\u00f6k: K\u00e1ntor Judit M\u00e1ria<\/h3>\r\n<\/div>\r\n<p class=\"uagb-ifb-desc\">Bal\u00e1s Etelka, Berghoffer Anna, Cs\u00f3i Barnab\u00e1s, Erd\u00e9lyi Petra, Farag\u00f3 Fruzsina, Holczer Vivien, Horv\u00e1th J\u00f3zsef M\u00e1rk, Kov\u00e1cs Kira, L\u00e1szl\u00f3 Anna, L\u00e1szl\u00f3 S\u00e1ra, Ma\u00e1r Marcell P\u00e1l, Major Rich\u00e1rd P\u00e9ter, N\u00e1dasdy Zal\u00e1n, \u00d3dor Lara, Seb\u0151k D\u00e1vid, Simon Krist\u00f3f Zsolt, Somorjai Anna, Szentgy\u00f6rgyi Kitti, T\u00f3th S\u00e1ra<\/p>\r\n<p>&nbsp;<\/p>\r\n<\/div>\r\n<\/div>\r\n<\/div>\r\n\r\n\r\n\r\n<div class=\"wp-block-uagb-info-box uagb-block-3b10c0f0 uagb-infobox__content-wrap  uagb-infobox-icon-above-title uagb-infobox-image-valign-top\">\r\n<div class=\"uagb-ifb-content\">\r\n<div class=\"uagb-ifb-image-content\"><a href=\"https:\/\/berzsenyicell.hu\/wp-content\/uploads\/2025\/09\/12a.jpg\"><img loading=\"lazy\" decoding=\"async\" class=\"alignnone size-large wp-image-2421\" src=\"https:\/\/berzsenyicell.hu\/wp-content\/uploads\/2025\/09\/12a-1024x576.jpg\" alt=\"\" width=\"1024\" height=\"576\" srcset=\"https:\/\/berzsenyicell.hu\/wp-content\/uploads\/2025\/09\/12a-1024x576.jpg 1024w, https:\/\/berzsenyicell.hu\/wp-content\/uploads\/2025\/09\/12a-300x169.jpg 300w, https:\/\/berzsenyicell.hu\/wp-content\/uploads\/2025\/09\/12a-768x432.jpg 768w, https:\/\/berzsenyicell.hu\/wp-content\/uploads\/2025\/09\/12a-1536x864.jpg 1536w, https:\/\/berzsenyicell.hu\/wp-content\/uploads\/2025\/09\/12a.jpg 2048w\" sizes=\"auto, (max-width: 1024px) 100vw, 1024px\" \/><\/a><\/div>\r\n<div class=\"uagb-ifb-title-wrap\">\r\n<h3 class=\"uagb-ifb-title\">12. A oszt\u00e1ly<\/h3>\r\n<div class=\"uagb-ifb-title-wrap\">\r\n<h3 class=\"uagb-ifb-title\">Oszt\u00e1lyf\u0151n\u00f6k: Rad\u00e1nyin\u00e9 Nov\u00e1ki M\u00e1rta<\/h3>\r\n<\/div>\r\n<p class=\"uagb-ifb-desc\">B\u00e1rdossy Liza Ol\u00edvia, Bokor Martina Erzs\u00e9bet, Budai Bal\u00e1zs J\u00e1nos, Cs\u00e1sz\u00e1r Csenge, Csizm\u00e1r Dominik Martin, Erd\u00e9lyi Johanna, Horv\u00e1th Barnab\u00e1s, Jankovics Larissza, Kapit\u00e1ny Titanilla, Kar\u00e1csonyi Zs\u00f3ka, Kiniczki Rozi, Kov\u00e1cs Korinna, Majsa \u00c1ron, \u00d3dor Vivien, \u0150ri Kitti, Pint\u00e9r Janka, Somogyi Norina, Szalay D\u00e1vid, Veraszt\u00f3 Roland, V\u00f6lfer Dalma<\/p>\r\n<p>&nbsp;<\/p>\r\n<\/div>\r\n<\/div>\r\n<\/div>\r\n\r\n\r\n\r\n<div class=\"wp-block-uagb-info-box uagb-block-63e971ef uagb-infobox__content-wrap  uagb-infobox-icon-above-title uagb-infobox-image-valign-top\">\r\n<div class=\"uagb-ifb-content\">\r\n<div class=\"uagb-ifb-image-content\"><a href=\"https:\/\/berzsenyicell.hu\/wp-content\/uploads\/2025\/09\/12b.jpg\"><img loading=\"lazy\" decoding=\"async\" class=\"alignnone size-large wp-image-2422\" src=\"https:\/\/berzsenyicell.hu\/wp-content\/uploads\/2025\/09\/12b-1024x576.jpg\" alt=\"\" width=\"1024\" height=\"576\" srcset=\"https:\/\/berzsenyicell.hu\/wp-content\/uploads\/2025\/09\/12b-1024x576.jpg 1024w, https:\/\/berzsenyicell.hu\/wp-content\/uploads\/2025\/09\/12b-300x169.jpg 300w, https:\/\/berzsenyicell.hu\/wp-content\/uploads\/2025\/09\/12b-768x432.jpg 768w, https:\/\/berzsenyicell.hu\/wp-content\/uploads\/2025\/09\/12b-1536x864.jpg 1536w, https:\/\/berzsenyicell.hu\/wp-content\/uploads\/2025\/09\/12b.jpg 2048w\" sizes=\"auto, (max-width: 1024px) 100vw, 1024px\" \/><\/a><\/div>\r\n<div class=\"uagb-ifb-title-wrap\">\r\n<h3 class=\"uagb-ifb-title\">12. B oszt\u00e1ly<\/h3>\r\n<div class=\"uagb-ifb-title-wrap\">\r\n<h3 class=\"uagb-ifb-title\">Oszt\u00e1lyf\u0151n\u00f6k: Kupi Mikl\u00f3s<\/h3>\r\n<\/div>\r\n<p class=\"uagb-ifb-desc\">Bella Ninett, Bogd\u00e1n D\u00e1niel, Bogn\u00e1r Fiorella J\u00e1zmin, Dobos Lili, Farkas Vivien, G\u0151g\u00f6s Martin, Horv\u00e1th \u00c1ron, Horv\u00e1th B\u00e1lint, Horv\u00e1th Eszter, Imre Barnab\u00e1s, Kedves Levente, Koph\u00e1zi Zsolt Alexander, Kov\u00e1cs Bence, Kov\u00e1cs Borb\u00e1la, L\u0151rincz M\u00e1t\u00e9, Moln\u00e1r Maja, N\u00e9meth Bal\u00e1zs, N\u00e9meth Zal\u00e1n, Ny\u00e1ri Martin, Patay-Gomez Luis Esteban, Szakonyi M\u00e1rk\u00f3, T\u00f3th Bence, T\u00f3th Rebeka, Varga Regina<\/p>\r\n<\/div>\r\n<\/div>\r\n<\/div>\r\n","protected":false},"excerpt":{"rendered":"<p>Oszt\u00e1lyaink 9. A oszt\u00e1lyOszt\u00e1lyf\u0151n\u00f6k: Obr\u00e1z Istv\u00e1n Kriszti\u00e1n Bal\u00e1s Ot\u00edlia,\u00a0Bar\u00e1th Vir\u00e1g Anna,\u00a0Csonka No\u00e9mi, \u00a0Horv\u00e1th Kira,\u00a0Horv\u00e1th Luca Anna,\u00a0Jecz\u00f3 Fanni,\u00a0Jov\u00e1n Luca,\u00a0K\u00e1ldi Levente Bulcs\u00fa,\u00a0Kasza [&hellip;]<\/p>\n","protected":false},"author":1,"featured_media":0,"parent":205,"menu_order":70,"comment_status":"closed","ping_status":"closed","template":"","meta":{"_uag_custom_page_level_css":"","site-sidebar-layout":"default","site-content-layout":"default","ast-site-content-layout":"default","site-content-style":"default","site-sidebar-style":"default","ast-global-header-display":"","ast-banner-title-visibility":"","ast-main-header-display":"","ast-hfb-above-header-display":"","ast-hfb-below-header-display":"","ast-hfb-mobile-header-display":"","site-post-title":"","ast-breadcrumbs-content":"","ast-featured-img":"","footer-sml-layout":"","ast-disable-related-posts":"","theme-transparent-header-meta":"default","adv-header-id-meta":"","stick-header-meta":"default","header-above-stick-meta":"","header-main-stick-meta":"","header-below-stick-meta":"","astra-migrate-meta-layouts":"set","ast-page-background-enabled":"default","ast-page-background-meta":{"desktop":{"background-color":"var(--ast-global-color-4)","background-image":"","background-repeat":"repeat","background-position":"center center","background-size":"auto","background-attachment":"scroll","background-type":"","background-media":"","overlay-type":"","overlay-color":"","overlay-opacity":"","overlay-gradient":""},"tablet":{"background-color":"","background-image":"","background-repeat":"repeat","background-position":"center center","background-size":"auto","background-attachment":"scroll","background-type":"","background-media":"","overlay-type":"","overlay-color":"","overlay-opacity":"","overlay-gradient":""},"mobile":{"background-color":"","background-image":"","background-repeat":"repeat","background-position":"center center","background-size":"auto","background-attachment":"scroll","background-type":"","background-media":"","overlay-type":"","overlay-color":"","overlay-opacity":"","overlay-gradient":""}},"ast-content-background-meta":{"desktop":{"background-color":"var(--ast-global-color-5)","background-image":"","background-repeat":"repeat","background-position":"center center","background-size":"auto","background-attachment":"scroll","background-type":"","background-media":"","overlay-type":"","overlay-color":"","overlay-opacity":"","overlay-gradient":""},"tablet":{"background-color":"var(--ast-global-color-5)","background-image":"","background-repeat":"repeat","background-position":"center center","background-size":"auto","background-attachment":"scroll","background-type":"","background-media":"","overlay-type":"","overlay-color":"","overlay-opacity":"","overlay-gradient":""},"mobile":{"background-color":"var(--ast-global-color-5)","background-image":"","background-repeat":"repeat","background-position":"center center","background-size":"auto","background-attachment":"scroll","background-type":"","background-media":"","overlay-type":"","overlay-color":"","overlay-opacity":"","overlay-gradient":""}},"footnotes":""},"class_list":["post-233","page","type-page","status-publish","hentry"],"uagb_featured_image_src":{"full":false,"thumbnail":false,"medium":false,"medium_large":false,"large":false,"1536x1536":false,"2048x2048":false},"uagb_author_info":{"display_name":"admin","author_link":"https:\/\/berzsenyicell.hu\/index.php\/author\/cbg_admin\/"},"uagb_comment_info":0,"uagb_excerpt":"Oszt\u00e1lyaink 9. A oszt\u00e1lyOszt\u00e1lyf\u0151n\u00f6k: Obr\u00e1z Istv\u00e1n Kriszti\u00e1n Bal\u00e1s Ot\u00edlia,\u00a0Bar\u00e1th Vir\u00e1g Anna,\u00a0Csonka No\u00e9mi, \u00a0Horv\u00e1th Kira,\u00a0Horv\u00e1th Luca Anna,\u00a0Jecz\u00f3 Fanni,\u00a0Jov\u00e1n Luca,\u00a0K\u00e1ldi Levente Bulcs\u00fa,\u00a0Kasza [&hellip;]","_links":{"self":[{"href":"https:\/\/berzsenyicell.hu\/index.php\/wp-json\/wp\/v2\/pages\/233","targetHints":{"allow":["GET"]}}],"collection":[{"href":"https:\/\/berzsenyicell.hu\/index.php\/wp-json\/wp\/v2\/pages"}],"about":[{"href":"https:\/\/berzsenyicell.hu\/index.php\/wp-json\/wp\/v2\/types\/page"}],"author":[{"embeddable":true,"href":"https:\/\/berzsenyicell.hu\/index.php\/wp-json\/wp\/v2\/users\/1"}],"replies":[{"embeddable":true,"href":"https:\/\/berzsenyicell.hu\/index.php\/wp-json\/wp\/v2\/comments?post=233"}],"version-history":[{"count":28,"href":"https:\/\/berzsenyicell.hu\/index.php\/wp-json\/wp\/v2\/pages\/233\/revisions"}],"predecessor-version":[{"id":2425,"href":"https:\/\/berzsenyicell.hu\/index.php\/wp-json\/wp\/v2\/pages\/233\/revisions\/2425"}],"up":[{"embeddable":true,"href":"https:\/\/berzsenyicell.hu\/index.php\/wp-json\/wp\/v2\/pages\/205"}],"wp:attachment":[{"href":"https:\/\/berzsenyicell.hu\/index.php\/wp-json\/wp\/v2\/media?parent=233"}],"curies":[{"name":"wp","href":"https:\/\/api.w.org\/{rel}","templated":true}]}}